ime factors of m.
3, 19
Let a = 20 - 6. Suppose -3*n = 5*s - n - 5285, -2*s - 2*n = -2108. Suppose -a*g + s = -159. List the prime factors of g.
3, 29
Let c(g) = 3*g**2 - 2*g + 43. Suppose 57*m - 42 = 63*m. What are the prime factors of c(m)?
2, 3, 17
Suppose -5*d + 51528 = 2*y, 51528 = 2*y - 4*d - 0*d. List the prime factors of y.
2, 3, 19, 113
Let u = -64 + 105. Let n = 66 + u. List the prime factors of n.
107
Let u = -71 - -75. Let c be (-2139)/33 - u/22. Let g = c - -205. What are the prime factors of g?
2, 5, 7
Let n(a) = 13 - 13*a - 10*a + 25*a. Let z be n(-3). What are the prime factors of (1 - (-6 + 3)) + z?
11
Let q(a) = 19*a**3 - 50*a**2 + 503*a - 45. List the prime factors of q(13).
11, 3617
Let i = -159 - -98. Let r = 127 + i. Suppose -r*d = -64*d - 70. List the prime factors of d.
5, 7
Suppose -47293 - 281667 = -20*t. What are the prime factors of t?
2, 257
Let m(k) = 11*k**2 - k - 4. Suppose 4*l - 12 = -2*o, 0 = -o - 2*o + 2*l - 14. Let w be m(o). What are the prime factors of 1 + 1 - (-4 - w)?
2, 3
Suppose p = 4*j - 12043, 0 = j - 8*p + 5*p - 2997. Let d = -1915 + j. List the prime factors of d.
1097
Let a(l) be the third derivative of l**4/8 + 11*l**3/3 + 14*l**2. Let m be a(-6). Suppose z = m*z - 120. List the prime factors of z.
2, 5
Let w be (-1 - (-12)/5)/((-14)/(-490)). Suppose -w*u + 40561 = 9985. List the prime factors of u.
2, 3, 13
Let f = -16868 - -26098. List the prime factors of f.
2, 5, 13, 71
Suppose -1 + 13 = 3*t. Suppose -6*p = -2*p - 3*o - 558, -t*p + 546 = 3*o. Let u = -43 + p. What are the prime factors of u?
5, 19
What are the prime factors of ((-33344)/24*-3)/(6/72*6)?
2, 521
Let w(y) = -y**2 + 4*y - 21. Let s = -20 - -16. Let r(m) = m**2 - 5*m + 22. Let l(p) = s*w(p) - 3*r(p). List the prime factors of l(8).
2, 37
Let g(m) be the second derivative of -13*m**3/3 + 3*m**2 - 4*m. Let l be g(-5). Suppose l = 4*v - 360. List the prime factors of v.
2, 31
Let h be 0 - (-13 + (-1 - 2)). Let y(f) = -14 + f + h + f**2 - 13. List the prime factors of y(-9).
61
Suppose -15*k = 2004 - 302546 - 248353. List the prime factors of k.
23, 37, 43
Suppose -h + 3*d + 5230 = 0, 0 = -4*d + 8*d + 4. What are the prime factors of h?
5227
Suppose 4*o - 3208 = o + 2*s, -1074 = -o + 3*s. What are the prime factors of o?
2, 3, 89
Let f(x) = -5*x - 54 + 1 + 24*x - 6 + 25. List the prime factors of f(15).
251
Suppose 0 = 4*u - 8, 3*n + n + 2*u = 44640. List the prime factors of n.
11159
Let u(r) = 769*r + 2221. List the prime factors of u(17).
2, 3, 2549
Let v = 1872 + 369. Let o = v - 1325. Suppose -o = 113*k - 117*k. List the prime factors of k.
229
Let d = 139 - 83. Suppose -3*y - 338 + d = 0. Let r = 114 + y. What are the prime factors of r?
2, 5
Suppose 165 = -0*t - 3*t. Let p = t - -57. Suppose -p*z + 113 + 77 = 0. List the prime factors of z.
5, 19
Let c be (-20)/(-4) - (2 - 1). Suppose 2*k = -3*t + c*t + 165, 5*t = -5. List the prime factors of k.
2, 41
Let z(u) = -14*u**2 - 355*u + 19. List the prime factors of z(-12).
31, 73
Let b = -9 + -45. Let n = b - -29. List the prime factors of (-5)/(n/77)*5.
7, 11
Suppose 45047 + 11749 + 123888 = 18*t. List the prime factors of t.
2, 3, 7, 239
Let j(a) = a + 1. Let y(v) = -13*v - 12. Let u(t) = 18*j(t) + 2*y(t). Let x be u(-1). Suppose -x*w + 3*w - 99 = 0. List the prime factors of w.
3, 11
Suppose 349*o - 6058948 + 1617513 = 2742381. What are the prime factors of o?
2, 31, 83
Let t = -214 + 217. Suppose 5*i - 2*n - 1820 = 0, t*i + 15*n - 11*n = 1092. What are the prime factors of i?
2, 7, 13
Let v be 12/(-7)*(-686)/28. Suppose -43*f + 292 = -v*f. Suppose 2*t - 3*q = 2*q + f, 4*t - 5*q - 574 = 0. What are the prime factors of t?
3, 47
Suppose 13*z + 117 = 4*z. Let m = 10 + z. List the prime factors of (m - -4)*1 + 93.
2, 47
Let m(t) = -27 + 11*t + 52 - 20. Let o be m(7). Let b = 33 + o. What are the prime factors of b?
5, 23
Suppose 0*a = -3*o + 4*a + 7559, -4*a = 5*o - 12577. Suppose o = 6*w - 201. List the prime factors of w.
3, 151
Let i be -99 - ((-15)/(-15) - 3). Let f = -171 + -14. Let g = i - f. What are the prime factors of g?
2, 11
Let i = 3 - 2. Let u(t) = -3*t + 4 - 1254740*t**3 - 2 + 1254968*t**3 + 3*t**2. What are the prime factors of u(i)?
2, 5, 23
Let g(d) = 237*d**2 + d + 1. Let i = -85 + 84. What are the prime factors of g(i)?
3, 79
Let t be (-20)/((-15)/24*4). Suppose 79*r - 78*r = -3*b + 749, t = -2*r. List the prime factors of b.
251
Let u = 85 - 25. Suppose -3*f + u = 3*y, 4 + 8 = 3*f. List the prime factors of y*1/(-8)*-4.
2
Suppose 5*b - 2*d = 29, -7 - 1 = 4*d. Let a be -81*(25/b - 3). List the prime factors of 6/(-15) + a/(-30).
5
Suppose 5*x - 38818 = -3*w, -3*w = -0*w - 2*x - 38783. What are the prime factors of w?
67, 193
Suppose -20 = 5*m + 5*j, 2*m + 38 = -4*j + 8*j. What are the prime factors of 172/24*m*32/(-3)?
2, 43
Let l(q) = -q**3 + 22*q**2 + 49*q - 23. Let x be l(24). Let y(b) = 8*b**2 + 17*b**2 + 4*b - 3*b + 11*b**2. What are the prime factors of y(x)?
37
Suppose 113304 + 253880 = 52*m - 409436. List the prime factors of m.
5, 29, 103
Let y be 0 + -70 + (-19 - -21). Let m = 74 + y. Suppose -m*h = 2*h - 832. List the prime factors of h.
2, 13
Let q = -247 - -262. Let u(a) = 25*a + 36. What are the prime factors of u(q)?
3, 137
Let y(l) = 86*l - 11. Let z be y(1). List the prime factors of 6/(-45) + 23335/z.
311
Let t(u) = 16*u**3 - 3*u + u**2 + 9*u**3 - 3 + u**2 - 24*u**3. Let s be t(-2). Suppose s*q - 660 = -7*q. List the prime factors of q.
2, 3, 11
Let i be (2/(-6))/(2/(-84)). Let c(k) = 2*k**2 - 17*k - 31. Let d be c(i). Let j = 215 - d. What are the prime factors of j?
2, 23
Suppose g = a + 3*g - 178, a - 198 = 2*g. Suppose q - a = 4*n, -q + 800 = 3*q - 4*n. What are the prime factors of ((-7)/((-21)/q) - 3)/1?
5, 13
Let d(t) be the first derivative of -3*t**2/2 + 394*t - 41. What are the prime factors of d(0)?
2, 197
Suppose 4*t - 254 = 1050. Suppose 5*w + t = 31. Let y = w + 125. List the prime factors of y.
2, 3, 11
List the prime factors of (39/4)/(-13) - 5511/(-4).
3, 17
Suppose 0 = -0*k + 4*k - 16. List the prime factors of 7762/18 + k/(-54)*3.
431
Let b(o) = 0*o**2 + 2 - o**2 - 9*o + 3*o**2. Let g be b(4). Let x(j) = 20*j**2 + 3*j + 5. List the prime factors of x(g).
79
List the prime factors of -2 + 7400 + -3 + (-9 - -12).
2, 3, 137
Suppose -f + 11 = t, 0 = 3*f + t - 10 - 15. Suppose -52 = -f*j + 39. What are the prime factors of j?
13
Suppose -2*x = 3176 + 748. Let f be 52/39*(x/4)/3. Let s = f - -308. List the prime factors of s.
2, 3, 5
Let k(o) = 27*o**2 + 11*o - 1418. List the prime factors of k(23).
2, 7, 937
What are the prime factors of (-1*4)/(-1) + (9400 - (0 + 11))?
3, 31, 101
Let y be 191265/18 + 10/60. Suppose y = 13*s + 8*s. List the prime factors of s.
2, 11, 23
Suppose -3*s - 4*i = -17466, 0 = 4*s - 4*i - 12988 - 10244. What are the prime factors of s?
2, 3, 17, 19
Let i = -4678 - -9130. List the prime factors of i.
2, 3, 7, 53
Let u(f) = -32*f**3 + 2*f**2 + 11*f - 30. Let o(j) = 97*j**3 - 5*j**2 - 33*j + 86. Let z(n) = 6*o(n) + 17*u(n). List the prime factors of z(3).
3, 5, 23
Suppose 3*l - 7*i = -12*i + 38, 3*l + 3*i = 30. Suppose l*o + 10602 = 25*o. What are the prime factors of o?
2, 3, 31
List the prime factors of 1857344/672 + (-24)/(-252).
2, 691
Let o = -27 + 27. Suppose o = 4*h + 3*r - 1715 + 534, -292 = -h - 4*r. List the prime factors of h.
2, 37
Let j(c) = -22*c + 71. Let d be j(-4). Let h = d - 66. What are the prime factors of h?
3, 31
Let g be 4/(-10) - 58/5. Let s be (g/(-8))/((-12)/(-16)). Suppose -2*l + s*n = -98, -n = 5*l - 75 - 164. What are the prime factors of l?
2, 3
Let l be 12 + -2 + -1 + 1. Let g(b) = -b**3 + 66*b**2 - 61*b - 240. Let d be g(65). Let f = l + d. What are the prime factors of f?
2, 3, 5
Let v be -2*1 + -1*(-359 - 0). Suppose 14*t = -v - 175. Let q = 2 - t. List the prime factors of q.
2, 5
Let h = -371 - -574. Let z = 20 - 18. List the prime factors of (z - h)*(-2)/6.
67
Suppose -2*s + 12 = 0, -61*q + 22316 = -57*q - 4*s. What are the prime factors of q?
5, 1117
Suppose 17 = 5*t - 2*g + 42, -g + 5 = 0. Let l = 10 + -5. What are the prime factors of 29 + 2/(l + t)*-1?
2, 7
Let s(b) = 8*b**2 + 20*b - 14. Let x be s(-10). Let z = x + -285. What are the prime factors of z?
7, 43
